{"id":31,"date":"2017-05-13T03:14:08","date_gmt":"2017-05-13T03:14:08","guid":{"rendered":"https:\/\/anarcopunk.org\/festival\/?page_id=31"},"modified":"2017-05-16T20:11:25","modified_gmt":"2017-05-16T20:11:25","slug":"debate-na-radio-cordel-libertario","status":"publish","type":"page","link":"https:\/\/anarcopunk.org\/festival\/entrevistas\/debate-na-radio-cordel-libertario\/","title":{"rendered":"DEBATE NA R\u00c1DIO CORDEL LIBERT\u00c1RIO"},"content":{"rendered":"<p><img fetchpriority=\"high\" decoding=\"async\" class=\"wp-image-130 aligncenter\" src=\"https:\/\/anarcopunk.org\/festival\/wp-content\/uploads\/2017\/05\/1601506_617387761684751_8093832290628448857_n.jpg\" alt=\"\" width=\"354\" height=\"500\" srcset=\"https:\/\/anarcopunk.org\/festival\/wp-content\/uploads\/2017\/05\/1601506_617387761684751_8093832290628448857_n.jpg 679w, https:\/\/anarcopunk.org\/festival\/wp-content\/uploads\/2017\/05\/1601506_617387761684751_8093832290628448857_n-212x300.jpg 212w\" sizes=\"(max-width: 354px) 100vw, 354px\" \/><\/p>\n<p style=\"text-align: center;\"><span style=\"color: #000000;\">A conversa aconteceu em 2014 com participa\u00e7\u00e3o de integrantes do coletivo organizador na R\u00e1dio Cordel Libert\u00e1rio, com muitas reflex\u00f5es sobre a pr\u00e1tica do audiovisual como ferramenta de luta em nossas movimenta\u00e7\u00f5es anarquistas.<\/span><\/p>\n<p style=\"text-align: center;\"><a href=\"http:\/\/www.4shared.com\/mp3\/WbjGPozJba\/cinema_e_anarquismo.html\"><span style=\"color: #000000;\"><strong>Para baixar\u00a0o programa,\u00a0clique aqui!<\/strong><\/span><\/a><\/p>\n","protected":false},"excerpt":{"rendered":"<p>A conversa aconteceu em 2014 com participa\u00e7\u00e3o de integrantes do coletivo organizador na R\u00e1dio Cordel Libert\u00e1rio, com muitas reflex\u00f5es sobre a pr\u00e1tica do audiovisual como ferramenta de luta em nossas movimenta\u00e7\u00f5es anarquistas. Para baixar\u00a0o programa,\u00a0clique aqui!<\/p>\n","protected":false},"author":1,"featured_media":0,"parent":27,"menu_order":0,"comment_status":"closed","ping_status":"closed","template":"","meta":{"_acf_changed":false,"footnotes":""},"class_list":["post-31","page","type-page","status-publish","hentry"],"acf":[],"yoast_head":"<!-- This site is optimized with the Yoast SEO plugin v27.4 - https:\/\/yoast.com\/product\/yoast-seo-wordpress\/ -->\n<title>DEBATE NA R\u00c1DIO CORDEL LIBERT\u00c1RIO - Festival do Filme Anarquista e Punk de SP<\/title>\n<meta name=\"robots\" content=\"index, follow, max-snippet:-1, max-image-preview:large, max-video-preview:-1\" \/>\n<link rel=\"canonical\" href=\"https:\/\/anarcopunk.org\/festival\/entrevistas\/debate-na-radio-cordel-libertario\/\" \/>\n<meta property=\"og:locale\" content=\"pt_BR\" \/>\n<meta property=\"og:type\" content=\"article\" \/>\n<meta property=\"og:title\" content=\"DEBATE NA R\u00c1DIO CORDEL LIBERT\u00c1RIO - Festival do Filme Anarquista e Punk de SP\" \/>\n<meta property=\"og:description\" content=\"A conversa aconteceu em 2014 com participa\u00e7\u00e3o de integrantes do coletivo organizador na R\u00e1dio Cordel Libert\u00e1rio, com muitas reflex\u00f5es sobre a pr\u00e1tica do audiovisual como ferramenta de luta em nossas movimenta\u00e7\u00f5es anarquistas. Para baixar\u00a0o programa,\u00a0clique aqui!\" \/>\n<meta property=\"og:url\" content=\"https:\/\/anarcopunk.org\/festival\/entrevistas\/debate-na-radio-cordel-libertario\/\" \/>\n<meta property=\"og:site_name\" content=\"Festival do Filme Anarquista e Punk de SP\" \/>\n<meta property=\"article:modified_time\" content=\"2017-05-16T20:11:25+00:00\" \/>\n<meta property=\"og:image\" content=\"https:\/\/anarcopunk.org\/festival\/wp-content\/uploads\/2017\/05\/1601506_617387761684751_8093832290628448857_n.jpg\" \/>\n<meta name=\"twitter:card\" content=\"summary_large_image\" \/>\n<script type=\"application\/ld+json\" class=\"yoast-schema-graph\">{\"@context\":\"https:\\\/\\\/schema.org\",\"@graph\":[{\"@type\":\"WebPage\",\"@id\":\"https:\\\/\\\/anarcopunk.org\\\/festival\\\/entrevistas\\\/debate-na-radio-cordel-libertario\\\/\",\"url\":\"https:\\\/\\\/anarcopunk.org\\\/festival\\\/entrevistas\\\/debate-na-radio-cordel-libertario\\\/\",\"name\":\"DEBATE NA R\u00c1DIO CORDEL LIBERT\u00c1RIO - Festival do Filme Anarquista e Punk de SP\",\"isPartOf\":{\"@id\":\"https:\\\/\\\/anarcopunk.org\\\/festival\\\/#website\"},\"primaryImageOfPage\":{\"@id\":\"https:\\\/\\\/anarcopunk.org\\\/festival\\\/entrevistas\\\/debate-na-radio-cordel-libertario\\\/#primaryimage\"},\"image\":{\"@id\":\"https:\\\/\\\/anarcopunk.org\\\/festival\\\/entrevistas\\\/debate-na-radio-cordel-libertario\\\/#primaryimage\"},\"thumbnailUrl\":\"https:\\\/\\\/anarcopunk.org\\\/festival\\\/wp-content\\\/uploads\\\/2017\\\/05\\\/1601506_617387761684751_8093832290628448857_n.jpg\",\"datePublished\":\"2017-05-13T03:14:08+00:00\",\"dateModified\":\"2017-05-16T20:11:25+00:00\",\"breadcrumb\":{\"@id\":\"https:\\\/\\\/anarcopunk.org\\\/festival\\\/entrevistas\\\/debate-na-radio-cordel-libertario\\\/#breadcrumb\"},\"inLanguage\":\"pt-BR\",\"potentialAction\":[{\"@type\":\"ReadAction\",\"target\":[\"https:\\\/\\\/anarcopunk.org\\\/festival\\\/entrevistas\\\/debate-na-radio-cordel-libertario\\\/\"]}]},{\"@type\":\"ImageObject\",\"inLanguage\":\"pt-BR\",\"@id\":\"https:\\\/\\\/anarcopunk.org\\\/festival\\\/entrevistas\\\/debate-na-radio-cordel-libertario\\\/#primaryimage\",\"url\":\"https:\\\/\\\/anarcopunk.org\\\/festival\\\/wp-content\\\/uploads\\\/2017\\\/05\\\/1601506_617387761684751_8093832290628448857_n.jpg\",\"contentUrl\":\"https:\\\/\\\/anarcopunk.org\\\/festival\\\/wp-content\\\/uploads\\\/2017\\\/05\\\/1601506_617387761684751_8093832290628448857_n.jpg\",\"width\":679,\"height\":960},{\"@type\":\"BreadcrumbList\",\"@id\":\"https:\\\/\\\/anarcopunk.org\\\/festival\\\/entrevistas\\\/debate-na-radio-cordel-libertario\\\/#breadcrumb\",\"itemListElement\":[{\"@type\":\"ListItem\",\"position\":1,\"name\":\"Home\",\"item\":\"https:\\\/\\\/anarcopunk.org\\\/festival\\\/\"},{\"@type\":\"ListItem\",\"position\":2,\"name\":\"ENTREVISTAS\",\"item\":\"https:\\\/\\\/anarcopunk.org\\\/festival\\\/entrevistas\\\/\"},{\"@type\":\"ListItem\",\"position\":3,\"name\":\"DEBATE NA R\u00c1DIO CORDEL LIBERT\u00c1RIO\"}]},{\"@type\":\"WebSite\",\"@id\":\"https:\\\/\\\/anarcopunk.org\\\/festival\\\/#website\",\"url\":\"https:\\\/\\\/anarcopunk.org\\\/festival\\\/\",\"name\":\"Festival do Filme Anarquista e Punk de SP\",\"description\":\"\",\"potentialAction\":[{\"@type\":\"SearchAction\",\"target\":{\"@type\":\"EntryPoint\",\"urlTemplate\":\"https:\\\/\\\/anarcopunk.org\\\/festival\\\/?s={search_term_string}\"},\"query-input\":{\"@type\":\"PropertyValueSpecification\",\"valueRequired\":true,\"valueName\":\"search_term_string\"}}],\"inLanguage\":\"pt-BR\"}]}<\/script>\n<!-- \/ Yoast SEO plugin. -->","yoast_head_json":{"title":"DEBATE NA R\u00c1DIO CORDEL LIBERT\u00c1RIO - Festival do Filme Anarquista e Punk de SP","robots":{"index":"index","follow":"follow","max-snippet":"max-snippet:-1","max-image-preview":"max-image-preview:large","max-video-preview":"max-video-preview:-1"},"canonical":"https:\/\/anarcopunk.org\/festival\/entrevistas\/debate-na-radio-cordel-libertario\/","og_locale":"pt_BR","og_type":"article","og_title":"DEBATE NA R\u00c1DIO CORDEL LIBERT\u00c1RIO - Festival do Filme Anarquista e Punk de SP","og_description":"A conversa aconteceu em 2014 com participa\u00e7\u00e3o de integrantes do coletivo organizador na R\u00e1dio Cordel Libert\u00e1rio, com muitas reflex\u00f5es sobre a pr\u00e1tica do audiovisual como ferramenta de luta em nossas movimenta\u00e7\u00f5es anarquistas. Para baixar\u00a0o programa,\u00a0clique aqui!","og_url":"https:\/\/anarcopunk.org\/festival\/entrevistas\/debate-na-radio-cordel-libertario\/","og_site_name":"Festival do Filme Anarquista e Punk de SP","article_modified_time":"2017-05-16T20:11:25+00:00","og_image":[{"url":"https:\/\/anarcopunk.org\/festival\/wp-content\/uploads\/2017\/05\/1601506_617387761684751_8093832290628448857_n.jpg","type":"","width":"","height":""}],"twitter_card":"summary_large_image","schema":{"@context":"https:\/\/schema.org","@graph":[{"@type":"WebPage","@id":"https:\/\/anarcopunk.org\/festival\/entrevistas\/debate-na-radio-cordel-libertario\/","url":"https:\/\/anarcopunk.org\/festival\/entrevistas\/debate-na-radio-cordel-libertario\/","name":"DEBATE NA R\u00c1DIO CORDEL LIBERT\u00c1RIO - Festival do Filme Anarquista e Punk de SP","isPartOf":{"@id":"https:\/\/anarcopunk.org\/festival\/#website"},"primaryImageOfPage":{"@id":"https:\/\/anarcopunk.org\/festival\/entrevistas\/debate-na-radio-cordel-libertario\/#primaryimage"},"image":{"@id":"https:\/\/anarcopunk.org\/festival\/entrevistas\/debate-na-radio-cordel-libertario\/#primaryimage"},"thumbnailUrl":"https:\/\/anarcopunk.org\/festival\/wp-content\/uploads\/2017\/05\/1601506_617387761684751_8093832290628448857_n.jpg","datePublished":"2017-05-13T03:14:08+00:00","dateModified":"2017-05-16T20:11:25+00:00","breadcrumb":{"@id":"https:\/\/anarcopunk.org\/festival\/entrevistas\/debate-na-radio-cordel-libertario\/#breadcrumb"},"inLanguage":"pt-BR","potentialAction":[{"@type":"ReadAction","target":["https:\/\/anarcopunk.org\/festival\/entrevistas\/debate-na-radio-cordel-libertario\/"]}]},{"@type":"ImageObject","inLanguage":"pt-BR","@id":"https:\/\/anarcopunk.org\/festival\/entrevistas\/debate-na-radio-cordel-libertario\/#primaryimage","url":"https:\/\/anarcopunk.org\/festival\/wp-content\/uploads\/2017\/05\/1601506_617387761684751_8093832290628448857_n.jpg","contentUrl":"https:\/\/anarcopunk.org\/festival\/wp-content\/uploads\/2017\/05\/1601506_617387761684751_8093832290628448857_n.jpg","width":679,"height":960},{"@type":"BreadcrumbList","@id":"https:\/\/anarcopunk.org\/festival\/entrevistas\/debate-na-radio-cordel-libertario\/#breadcrumb","itemListElement":[{"@type":"ListItem","position":1,"name":"Home","item":"https:\/\/anarcopunk.org\/festival\/"},{"@type":"ListItem","position":2,"name":"ENTREVISTAS","item":"https:\/\/anarcopunk.org\/festival\/entrevistas\/"},{"@type":"ListItem","position":3,"name":"DEBATE NA R\u00c1DIO CORDEL LIBERT\u00c1RIO"}]},{"@type":"WebSite","@id":"https:\/\/anarcopunk.org\/festival\/#website","url":"https:\/\/anarcopunk.org\/festival\/","name":"Festival do Filme Anarquista e Punk de SP","description":"","potentialAction":[{"@type":"SearchAction","target":{"@type":"EntryPoint","urlTemplate":"https:\/\/anarcopunk.org\/festival\/?s={search_term_string}"},"query-input":{"@type":"PropertyValueSpecification","valueRequired":true,"valueName":"search_term_string"}}],"inLanguage":"pt-BR"}]}},"_links":{"self":[{"href":"https:\/\/anarcopunk.org\/festival\/wp-json\/wp\/v2\/pages\/31","targetHints":{"allow":["GET"]}}],"collection":[{"href":"https:\/\/anarcopunk.org\/festival\/wp-json\/wp\/v2\/pages"}],"about":[{"href":"https:\/\/anarcopunk.org\/festival\/wp-json\/wp\/v2\/types\/page"}],"author":[{"embeddable":true,"href":"https:\/\/anarcopunk.org\/festival\/wp-json\/wp\/v2\/users\/1"}],"replies":[{"embeddable":true,"href":"https:\/\/anarcopunk.org\/festival\/wp-json\/wp\/v2\/comments?post=31"}],"version-history":[{"count":3,"href":"https:\/\/anarcopunk.org\/festival\/wp-json\/wp\/v2\/pages\/31\/revisions"}],"predecessor-version":[{"id":132,"href":"https:\/\/anarcopunk.org\/festival\/wp-json\/wp\/v2\/pages\/31\/revisions\/132"}],"up":[{"embeddable":true,"href":"https:\/\/anarcopunk.org\/festival\/wp-json\/wp\/v2\/pages\/27"}],"wp:attachment":[{"href":"https:\/\/anarcopunk.org\/festival\/wp-json\/wp\/v2\/media?parent=31"}],"curies":[{"name":"wp","href":"https:\/\/api.w.org\/{rel}","templated":true}]}}